ase 9) in base 2?
100
What is 150 (base 6) in base 5?
231
Convert 1001 (base 2) to base 9.
10
What is -58 (base 12) in base 9?
-75
246 (base 11) to base 16
124
Convert 30 (base 5) to base 2.
1111
What is -3 (base 11) in base 14?
-3
5 (base 9) to base 6
5
Convert 210 (base 3) to base 13.
18
What is 2 (base 11) in base 13?
2
131 (base 4) to base 14
21
Convert 30 (base 16) to base 13.
39
Convert 2 (base 8) to base 5.
2
What is 1 (base 7) in base 11?
1
What is 512 (base 6) in base 7?
356
0 (base 16) to base 9
0
2 (base 16) to base 10
2
-2212 (base 4) to base 6
-434
Convert 13 (base 16) to base 4.
103
What is 12 (base 6) in base 3?
22
4 (base 12) to base 14
4
Convert 9 (base 14) to base 6.
13
What is 0 (base 15) in base 6?
0
45 (base 16) to base 7
126
What is -5 (base 6) in base 9?
-5
-1142 (base 6) to base 4
-10112
What is 10 (base 7) in base 16?
7
What is -1020 (base 3) in base 7?
-45
What is 1323 (base 5) in base 8?
325
Convert 21 (base 4) to base 10.
9
Convert -17 (base 8) to base 6.
-23
210 (base 4) to base 13
2a
Convert 40 (base 15) to base 16.
3c
Convert -15 (base 13) to base 6.
-30
What is 13 (base 4) in base 16?
7
What is 1112 (base 3) in base 16?
29
Convert 11 (base 2) to base 12.
3
-194 (base 14) to base 10
-326
-5 (base 16) to base 12
-5
-82 (base 9) to base 6
-202
Convert 1111 (base 2) to base 12.
13
Convert 114 (base 11) to base 7.
253
Convert 14 (base 14) to base 9.
20
-22 (base 6) to base 7
-20
What is 14 (base 11) in base 9?
16
Convert 2 (base 6) to base 14.
2
-21 (base 6) to base 8
-15
Convert 2 (base 7) to base 14.
2
What is 1 (base 9) in base 11?
1
Convert 5 (base 10) to base 13.
5
0 (base 10) to base 2
0
What is 202 (base 4) in base 10?
34
What is -22 (base 14) in base 2?
-11110
-bb (base 12) to base 3
-12022
What is 143 (base 5) in base 3?
1210
What is -5 (base 10) in base 7?
-5
-1 (base 11) to base 12
-1
What is -7 (base 9) in base 8?
-7
Convert 47 (base 15) to base 16.
43
12 (base 3) to base 12
5
Convert -10 (base 2) to base 6.
-2
Convert 122 (base 3) to base 7.
23
-158 (base 14) to base 9
-334
Convert 0 (base 6) to base 9.
0
What is -2 (base 15) in base 16?
-2
Convert 1001 (base 2) to base 9.
10
8 (base 12) to base 8
10
What is 166 (base 13) in base 4?
3331
Convert -88 (base 9) to base 13.
-62
Convert -1a (base 16) to base 12.
-22
What is 0 (base 4) in base 5?
0
13 (base 11) to base 2
1110
What is 3 (base 7) in base 2?
11
Convert -102 (base 4) to base 6.
-30
-3 (base 9) to base 13
-3
0 (base 16) to base 9
0
What is 16 (base 13) in base 7?
25
What is -3 (base 5) in base 13?
-3
20 (base 14) to base 3
1001
What is -3 (base 11) in base 2?
-11
Convert -82 (base 15) to base 14.
-8a
-13 (base 16) to base 12
-17
3 (base 16) to base 3
10
What is -22 (base 7) in base 13?
-13
Convert 1110110 (base 2) to base 15.
7d
-a (base 15) to base 11
-a
10 (base 7) to base 5
12
-35 (base 13) to base 10
-44
What is 0 (base 10) in base 9?
0
Convert -17 (base 8) to base 16.
-f
90 (base 15) to base 10
135
What is 425 (base 9) in base 10?
347
What is -4b (base 14) in base 11?
-61
What is 42 (base 8) in base 15?
24
What is 21 (base 4) in base 9?
10
What is -9 (base 12) in base 9?
-10
Convert 9 (base 16) to base 10.
9
Convert 0 (base 7) to base 12.
0
-39 (base 15) to base 4
-312
-3 (base 16) to base 11
-3
Convert -d (base 16) to base 6.
-21
What is -4 (base 12) in base 14?
-4
Convert 1010 (base 3) to base 13.
24
Convert -103 (base 4) to base 14.
-15
What is -4 (base 10) in base 15?
-4
Convert 40 (base 12) to base 5.
143
What is -3 (base 15) in base 4?
-3
Convert 4 (base 7) to base 3.
11
What is 121 (base 3) in base 11?
15
Convert -10 (base 10) to base 9.
-11
What is 20 (base 15) in base 13?
24
Convert -70 (base 14) to base 16.
-62
4 (base 8) to base 15
4
Convert -110 (base 5) to base 15.
-20
Convert -13 (base 12) to base 4.
-33
What is 14 (base 14) in base 7?
24
What is -6 (base 14) in base 15?
-6
Convert 1 (base 15) to base 14.
1
Convert -1110 (base 3) to base 11.
-36
What is 6 (base 10) in base 2?
110
What is 2 (base 3) in base 6?
2
-49 (base 11) to base 12
-45
What is -3 (base 5) in base 15?
-3
212 (base 6) to base 7
143
-10 (base 4) to base 16
-4
Convert 2232 (base 4) to base 14.
c6
What is 102 (base 13) in base 15?
b6
What is 14 (base 6) in base 14?
a
What is 210 (base 4) in base 5?
121
What is -3 (base 5) in base 15?
-3
Convert -27 (base 8) to base 9.
-25
Convert -1 (base 4) to base 3.
-1
What is 41 (base 7) in base 11?
27
Convert 143 (base 7) to base 14.
5a
Convert 38 (base 11) to base 3.
1112
What is 2012 (base 3) in base 7?
113
Convert -52 (base 10) to base 8.
-64
Convert -49 (base 11) to base 9.
-58
0 (base 9) to base 5
0
-3 (base 13) to base 8
-3
26 (base 8) to base 14
18
What is -7d (base 16) in base 4?
-1331
What is -8 (base 13) in base 10?
-8
What is -20 (base 11) in base 5?
-42
129 (base 14) to base 7
452
What is 4 (base 13) in base 2?
100
Convert 33 (base 12) to base 9.
43
Convert -10 (base 13) to base 16.
-d
-10 (base 6) to base 15
-6
What is 1 (base 3) in base 15?
1
0 (base 6) to base 12
0
Convert 45 (base 6) to base 7.
41
Convert -5 (base 10) to base 6.
-5
-202 (base 8) to base 3
-11211
What is -4 (base 7) in base 11?
-4
5 (base 11) to base 13
5
Convert -3 (base 6) to base 14.
-3
Convert -1 (base 4) to base 3.
-1
15 (base 13) to base 2
10010
What is -12 (base 10) in base 12?
-10
What is 18b (base 12) in base 11?
209
6b (base 14) to base 16
5f
Convert -7 (base 16) to base 9.
-7
What is 17b (base 16) in base 2?
101111011
45 (base 13) to base 4
321
1 (base 15) to base 8
1
-a (base 15) to base 11
-a
Convert 26 (base 7) to base 15.
15
Convert -10121 (base 3) to base 6.
-241
2220 (base 3) to base 9
86
-101101 (base 2) to base 13
-36
454 (base 6) to base 8
262
Convert -2 (base 6) to base 8.
-2
What is 102 (base 6) in base 2?
100110
Convert -11 (base 14) to base 3.
-120
What is 1 (base 2) in base 13?
1
2 (base 12) to base 13
2
Convert -3 (base 4) to base 13.
-3
What is 2 (base 7) in base 5?
2
Convert -153 (base 7) to base 5.
-322
What is -13 (base 13) in base 10?
-16
Convert 22 (base 3) to base 2.
1000
What is 0 (base 11) in base 12?
0
What is 8 (base 13) in base 16?
8
Convert 3 (base 5) to base 10.
3
Convert -10122 (base 4) to base 15.
-13c
1f (base 16) to base 4
133
22 (base 15) to base 14
24
What is -7 (base 11) in base 7?
-10
Convert -12 (base 4) to base 8.
-6
What is 2 (base 6) in base 14?
2
-6 (base 13) to base 5
-11
What is 5 (base 8) in base 9?
5
What is -222 (base 6) in base 9?
-105
Convert -48 (base 9) to base 13.
-35
Convert 52 (base 16) to base 6.
214
What is -1 (base 3) in base 4?
-1
152 (base 7) to base 14
62
Convert -8 (base 15) to base 2.
-1000
a3 (base 14) to base 6
355
Convert -40 (base 9) to base 12.
-30
What is -1 (base 2) in base 8?
-1
-11 (base 7) to base 4
-20
Convert 42 (base 10) to base 3.
1120
Convert -13 (base 5) to base 10.
-8
Convert 3 (base 15) to base 8.
3
Convert 5 (base 16) to base 9.
5
-4 (base 6) to base 3
-11
-10 (base 4) to base 11
-4
What is -1024 (base 5) in base 8?
-213
-221 (base 6) to base 2
-1010101
Convert -116 (base 10) to base 16.
-74
What is 3 (base 8) in base 6?
3
-2 (base 16) to base 15
-2
Convert 59 (base 13) to base 8.
112
Convert 11111 (base 2) to base 8.
37
-86 (base 11) to base 13
-73
-10 (base 4) to base 8
-4
What is 87 (base 16) in base 7?
252
-10 (base 5) to base 11
-5
Convert 273 (base 8) to base 5.
1222
0 (base 8) to base 6
0
What is 50 (base 8) in base 13?
31
What is 28 (base 16) in base 6?
104
Convert -10 (base 10) to base 15.
-a
232 (base 9) to base 14
d9
8 (base 10) to base 16
8
-5 (base 6) to base 12
-5
What is -171 (base 11) in base 3?
-21101
Convert 3 (base 16) to base 12.
3
What is 2 (base 9) in base 12?
2
What is -a9 (base 11) in base 12?
-9b
Convert 100 (base 15) to base 7.
441
What is 0 (base 16) in base 11?
0
What is -1 (base 16) in base 12?
-1
-31 (base 5) to base 6
-24
Convert -220 (base 3) to base 16.
-18
Convert -2 (base 13) to base 6.
-2
24 (base 11) to base 7
35
-120 (base 4) to base 5
-44
What is 91 (base 16) in base 12?
101
What is -23 (base 7) in base 9?
-18
What is 23 (base 16) in base 9?
38
-1 (base 10) to base 6
-1
Convert 31 (base 5) to base 4.
100
Convert -50 (base 12) to base 16.
-3c
-b (base 13) to base 7
-14
-2022 (base 3) to base 12
-52
-2 (base 4) t